{"id":86,"date":"2024-12-27T19:23:46","date_gmt":"2024-12-27T18:23:46","guid":{"rendered":"http:\/\/clept-clone2-2024.local\/?page_id=86"},"modified":"2025-09-21T01:22:53","modified_gmt":"2025-09-20T23:22:53","slug":"eleve","status":"publish","type":"page","link":"https:\/\/leclept.fr\/index.php\/eleve\/","title":{"rendered":"El\u00e8ve"},"content":{"rendered":"\n<h1 class=\"wp-block-heading has-large-font-size\" id=\"procedure-de-recrutement\">Proc\u00e9dure de recrutement<\/h1>\n\n\n\n<p><strong>Pour int\u00e9grer le Clept, il sera n\u00e9cessaire de nous contacter en amont :<\/strong><\/p>\n\n\n\n<ul class=\"wp-block-list\">\n<li>par mail \u00e0 l&rsquo;adresse clept@ac-grenoble.fr<\/li>\n\n\n\n<li>par t\u00e9l\u00e9phone au 04 76 22 69 09<\/li>\n<\/ul>\n\n\n\n<h2 class=\"wp-block-heading has-medium-font-size\" id=\"par-ailleurs-si-vous-etes-en-situation-de-decrochage-scolaire-vous-pouvez-prendre-contact-avec-l-association-la-bouture\"><strong>Par ailleurs, si vous \u00eates en situation de d\u00e9crochage scolaire, vous pouvez prendre contact avec l\u2019association <a href=\"https:\/\/www.labouture.education\/\">LA BOUTURE<\/a>, qui a elle aussi pour but de lutter contre le d\u00e9crochage scolaire et pour le raccrochage des jeunes.<\/strong><\/h2>\n\n\n\n<p><\/p>\n","protected":false},"excerpt":{"rendered":"<p>Proc\u00e9dure de recrutement Pour int\u00e9grer le Clept, il sera n\u00e9cessaire de nous contacter en amont : Par ailleurs, si vous &hellip; <a href=\"https:\/\/leclept.fr\/index.php\/eleve\/\" class=\"more-link\">Continue reading <span class=\"screen-reader-text\">El\u00e8ve<\/span><\/a><\/p>\n","protected":false},"author":1,"featured_media":0,"parent":0,"menu_order":0,"comment_status":"closed","ping_status":"closed","template":"","meta":{"ghostkit_customizer_options":"","ghostkit_custom_css":"","ghostkit_custom_js_head":"","ghostkit_custom_js_foot":"","ghostkit_typography":"","footnotes":""},"class_list":["post-86","page","type-page","status-publish","hentry"],"_links":{"self":[{"href":"https:\/\/leclept.fr\/index.php\/wp-json\/wp\/v2\/pages\/86","targetHints":{"allow":["GET"]}}],"collection":[{"href":"https:\/\/leclept.fr\/index.php\/wp-json\/wp\/v2\/pages"}],"about":[{"href":"https:\/\/leclept.fr\/index.php\/wp-json\/wp\/v2\/types\/page"}],"author":[{"embeddable":true,"href":"https:\/\/leclept.fr\/index.php\/wp-json\/wp\/v2\/users\/1"}],"replies":[{"embeddable":true,"href":"https:\/\/leclept.fr\/index.php\/wp-json\/wp\/v2\/comments?post=86"}],"version-history":[{"count":8,"href":"https:\/\/leclept.fr\/index.php\/wp-json\/wp\/v2\/pages\/86\/revisions"}],"predecessor-version":[{"id":736,"href":"https:\/\/leclept.fr\/index.php\/wp-json\/wp\/v2\/pages\/86\/revisions\/736"}],"wp:attachment":[{"href":"https:\/\/leclept.fr\/index.php\/wp-json\/wp\/v2\/media?parent=86"}],"curies":[{"name":"wp","href":"https:\/\/api.w.org\/{rel}","templated":true}]}}